Das Wetter in Buchenau an der Lahn

NOAA Reports (nur in Englisch verfügbar)




NOAA style reports

NOAA-style Climate Reports

Select a Year or Month report
V/Λ2020 > Jan Feb Mar Apr May Jun Jul Aug Sep Oct Nov Dec
V/Λ2019 > Jan Feb Mar Apr May Jun Jul Aug Sep Oct Nov Dec

Report for 2019 Apr
                   Monthly Climatological Summary for Apr 2019

Name: Buchenau   City: Dautphetal   State: Germany
Elevation: 244 m  Lat: N 50 52 27   Lon: E 008 35 47

                  Temperature (°C), Rain (mm), Wind Speed (km/h)

                                      Heat  Cool        Avg
    Mean                              Deg   Deg         Wind                 Dom
Day Temp  High   Time   Low    Time   Days  Days  Rain  Speed High   Time    Dir
----------------------------------------------------------------------------------
01   7,7  15,6   16:01  -0,5   07:02  10,6   0,0   0,0   1,0  20,9   13:01    NO
02   8,0  17,0   15:33  -0,5   07:16  10,3   0,0   1,2   1,1  30,6   16:41     S
03   7,7   9,8   10:53   4,6   23:53  10,6   0,0   9,9   0,3  25,6   12:37     S
04   4,9   6,3   14:04   3,9   06:54  13,4   0,0   0,9   0,0   6,1   13:09     W
05   5,7   7,4   15:54   3,6   06:05  12,6   0,0   0,6   0,1  13,3   16:21    NO
06  11,0  18,5   17:22   6,7   01:09   7,3   0,0   0,0   0,5  22,0   13:22    SO
07  11,5  18,9   17:42   2,9   07:08   6,8   0,0   0,0   1,2  31,7   15:41    NO
08  12,6  19,5   15:13   6,7   07:20   5,7   0,0   0,0   0,3  14,8   12:13   OSO
09  11,7  17,9   15:33   6,6   07:01   6,6   0,0   0,0   1,6  22,0   13:36    NO
10   8,0  12,4   17:39   3,4   23:58  10,2   0,0   0,0   1,1  24,5   15:44    NO
11   4,6  10,4   17:13  -2,0   06:44  13,7   0,0   0,0   2,2  33,1   13:25    NO
12   2,2   5,4   16:43  -1,8   03:09  16,1   0,0   0,0   1,3  27,0   13:16   NNO
13   2,3   5,5   14:50   0,7   06:12  16,0   0,0   1,2   1,4  20,9   12:26   NNO
14   4,5   9,7   14:01   0,3   06:45  13,8   0,0   0,3   1,7  27,0   11:48   NNO
15   9,6  16,9   16:48   2,9   07:16   8,7   0,0   0,0   1,6  31,7   15:18   ONO
16  10,5  19,3   15:36  -0,7   06:53   7,9   0,0   0,0   1,1  25,6   15:04   SSO
17  11,6  16,7   17:53   7,7   07:07   6,7   0,0   0,0   0,1  14,8   13:12   OSO
18  14,2  21,9   15:13   5,4   05:39   4,8   0,7   0,0   2,1  31,7   15:37   ONO
19  14,9  24,0   17:13   3,2   07:09   4,9   1,5   0,0   1,7  33,1   12:31    SO
20  15,1  24,5   16:09   4,0   06:55   4,9   1,7   0,0   1,4  20,9   15:16   SSO
21  14,4  24,5   17:02   3,3   06:44   5,4   1,5   0,0   1,0  18,4   15:41   SSO
22  14,2  23,4   15:57   3,3   06:11   5,4   1,3   0,0   2,3  35,6   16:16    NO
23  14,6  21,1   16:08   5,4   05:37   4,3   0,6   0,0   1,6  36,7   12:19     O
24  16,3  24,8   17:01   9,2   23:48   3,6   1,6   1,2   1,0  47,9   20:31     S
25  13,8  23,0   17:37   5,0   05:24   5,2   0,8   0,0   0,9  25,6   21:37   SSO
26  10,7  14,0   00:00   8,1   03:43   7,6   0,0   3,9   0,2  14,8   13:17   SSW
27   7,6  11,1   14:39   3,8   06:40  10,7   0,0   5,1   0,8  28,1   15:10     S
28   7,5  13,5   17:41   3,0   23:57  10,8   0,0   1,2   0,3  17,3   13:45   SSW
29   7,8  14,9   13:25   0,0   06:07  10,5   0,0   1,2   1,0  25,6   12:38   NNW
30  12,1  18,2   16:40   5,0   06:58   6,2   0,0   0,0   1,5  24,5   14:17    NO
----------------------------------------------------------------------------------
     9,9  24,8    24    -2,0    11   261,3   9,7  26,7   1,1  47,9    24     ONO

Max >=  27,0  0
Max <=   0,0  0
Min <=   0,0  6
Min <= -18,0  0
Max Rain: 9,9 on day 3
Days of Rain: 11 (>= 0,2 mm)  3 (>= 2,0 mm)  0 (>= 20,0 mm)
Heat Base: 18,3  Cool Base: 18,3  Method: Integration


Seiten Update 17.02.2020 00:00:05
Erstellt von Cumulus v3.3.0 (3063)
Layout: Frank Grebe 2019-10-15