Das Wetter in Buchenau an der Lahn

NOAA Reports (nur in Englisch verfügbar)




NOAA style reports

NOAA-style Climate Reports

Select a Year or Month report
V/Λ2020 > Jan Feb Mar Apr May Jun Jul Aug Sep Oct Nov Dec
V/Λ2019 > Jan Feb Mar Apr May Jun Jul Aug Sep Oct Nov Dec

Report for 2019 Nov
                   Monthly Climatological Summary for Nov 2019

Name: Buchenau   City: Dautphetal   State: Germany
Elevation: 244 m  Lat: N 50 52 27   Lon: E 008 35 47

                  Temperature (°C), Rain (mm), Wind Speed (km/h)

                                      Heat  Cool        Avg
    Mean                              Deg   Deg         Wind                 Dom
Day Temp  High   Time   Low    Time   Days  Days  Rain  Speed High   Time    Dir
----------------------------------------------------------------------------------
01   1,7   7,7   23:59  -4,4   02:55  16,6   0,0   5,4   0,0   5,0   17:53     N
02  12,1  16,0   11:59   7,7   00:00   6,2   0,0   7,2   1,4  33,1   15:49     S
03  11,0  12,4   12:13   9,5   05:48   7,3   0,0   3,9   1,0  22,0   07:17     S
04   9,1  11,2   00:07   5,8   21:11   9,2   0,0   5,1   0,3  20,9   02:22     S
05   8,3  13,0   14:57   5,7   23:59  10,0   0,0   4,2   0,2  22,0   14:41    SW
06   7,0   9,3   14:47   4,6   06:23  11,3   0,0   3,6   0,0  14,8   13:35     W
07   7,4   9,5   12:31   4,4   23:50  10,9   0,0   5,4   1,1  33,1   14:24     S
08   4,4   6,8   15:27   1,5   03:14  13,9   0,0   0,3   0,0   5,0   00:42     S
09   4,5   7,8   15:33   1,5   23:09  13,8   0,0   0,0   0,3  13,3   13:25     S
10   3,3   7,7   14:06   1,6   04:38  15,0   0,0   0,0   0,1   8,6   14:39     S
11   2,0   2,7   00:04   1,4   10:52  16,3   0,0   0,9   1,2  20,9   09:58     S
12   4,0   6,2   11:25   1,1   23:27  14,3   0,0   2,4   1,2  30,6   12:23     S
13   2,7   4,7   15:07  -0,6   04:43  15,6   0,0   0,6   0,3  12,2   10:31     S
14   4,7   8,7   13:41   0,3   23:38  13,6   0,0   0,0   0,5  27,0   12:39    SO
15   3,3   6,4   11:16   0,2   00:12  15,0   0,0   0,0   0,2  14,8   11:21   ONO
16   4,6   8,9   14:07   1,9   18:16  13,7   0,0   2,1   0,3  19,4   14:15   SSW
17   4,5   6,4   12:33   2,3   08:39  13,8   0,0   9,6   0,6  23,4   16:51   NNO
18   4,3   5,4   13:42   2,2   23:38  14,0   0,0   3,0   0,8  20,9   18:32     S
19   3,8   6,7   13:27   1,7   07:59  14,5   0,0   0,9   0,2  17,3   12:14    SW
20   2,3   5,7   13:58   0,4   04:19  16,0   0,0   0,0   0,1  12,2   13:32   ONO
21   3,1   5,6   13:42   1,3   00:00  15,2   0,0   0,0   0,0   8,6   10:50   SSO
22   3,8   4,5   21:06   3,1   07:38  14,5   0,0   0,0   0,2  15,8   22:09    SO
23   3,8   8,5   14:35   0,3   08:05  14,5   0,0   0,0   0,1  18,4   10:23    SO
24   2,0   8,2   15:19  -0,6   03:30  16,3   0,0   0,0   0,0   3,6   13:58     O
25   3,1   4,6   23:17   1,4   01:12  15,2   0,0   0,6   0,0   7,2   13:09    SO
26   6,7   8,6   18:49   4,6   00:00  11,6   0,0   0,6   0,1   9,7   09:49   SSO
27   8,6  10,1   23:41   7,2   08:54   9,7   0,0   6,0   2,1  28,1   19:24     S
28   9,4  10,8   11:55   7,7   16:50   8,9   0,0  10,5   3,2  36,7   04:54   SSW
29   4,9   8,4   00:06   1,7   19:20  13,4   0,0   2,1   0,3  19,4   12:43   WNW
30   1,5   7,3   14:59  -3,0   23:57  16,8   0,0   0,0   0,1  14,8   13:39     S
----------------------------------------------------------------------------------
     5,1  16,0     2    -4,4     1   397,1   0,0  74,4   0,5  36,7    28       S

Max >=  27,0  0
Max <=   0,0  0
Min <=   0,0  4
Min <= -18,0  0
Max Rain: 10,5 on day 28
Days of Rain: 20 (>= 0,2 mm)  14 (>= 2,0 mm)  0 (>= 20,0 mm)
Heat Base: 18,3  Cool Base: 18,3  Method: Integration


Seiten Update 22.01.2020 00:00:03
Erstellt von Cumulus v3.3.0 (3063)
Layout: Frank Grebe 2019-10-15