Das Wetter in Buchenau an der Lahn

NOAA Reports (nur in Englisch verfügbar)




NOAA style reports

NOAA-style Climate Reports

Select a Year or Month report
V/Λ2020 > Jan Feb Mar Apr May Jun Jul Aug Sep Oct Nov Dec
V/Λ2019 > Jan Feb Mar Apr May Jun Jul Aug Sep Oct Nov Dec

Report for 2019 Jun
                   Monthly Climatological Summary for Jun 2019

Name: Buchenau   City: Dautphetal   State: Germany
Elevation: 244 m  Lat: N 50 52 27   Lon: E 008 35 47

                  Temperature (°C), Rain (mm), Wind Speed (km/h)

                                      Heat  Cool        Avg
    Mean                              Deg   Deg         Wind                 Dom
Day Temp  High   Time   Low    Time   Days  Days  Rain  Speed High   Time    Dir
----------------------------------------------------------------------------------
01  19,6  28,5   16:40   9,6   06:02   2,4   3,7   0,0   1,0  24,5   15:19     S
02  21,7  30,1   17:24  11,7   05:58   1,5   4,9   0,0   1,9  28,1   17:12   SSO
03  19,1  29,4   14:27  12,3   05:09   1,6   2,3  15,9   0,6  35,6   15:59    SW
04  20,5  28,7   17:53  14,4   03:27   1,2   3,4   0,0   1,0  20,9   15:22   SSO
05  22,4  29,6   18:10  15,2   05:50   0,3   4,4   0,0   0,5  18,4   13:08    SO
06  15,3  20,5   02:37   9,6   23:50   3,1   0,1   0,6   0,6  36,7   07:47   WSW
07  15,7  24,8   17:27   8,6   00:33   3,9   1,3   5,1   1,4  39,2   20:13   SSO
08  14,6  18,9   16:13  10,4   06:18   3,7   0,0   0,0   4,0  47,9   13:54   SSW
09  16,4  23,6   19:25   7,0   05:43   3,4   1,5   0,0   0,5  19,4   13:36   SSO
10  19,1  24,3   15:04  14,3   05:29   1,0   1,7   0,0   1,6  28,1   17:09   SSO
11  17,9  22,6   15:18  13,9   06:46   1,3   1,0  10,2   0,4  14,8   18:58    NO
12  16,2  19,9   18:22  11,0   23:51   2,2   0,1   5,4   0,7  37,8   12:46    SW
13  16,4  23,4   16:22   8,3   06:03   3,3   1,4   0,0   2,5  42,8   17:10   SSW
14  18,4  26,3   14:04   7,7   05:34   2,9   3,0   0,0   1,9  28,1   11:16   SSO
15  19,7  24,9   16:43  14,0   23:57   0,9   2,3   0,0   1,6  33,1   12:31   WSW
16  17,6  24,4   16:53  12,7   01:46   2,1   1,4   0,3   0,5  18,4   15:46     S
17  18,9  26,7   16:13   9,5   04:57   2,4   3,1   0,0   0,8  27,0   14:06   SSO
18  21,2  29,3   16:42  12,5   05:10   1,5   4,4   0,0   0,9  23,4   13:28   SSO
19  23,4  32,1   16:35  14,3   06:03   0,7   5,9   0,0   1,0  33,1   13:02   SSW
20  19,8  25,0   15:48  15,8   04:37   0,5   2,1   1,2   0,5  25,6   17:14   WSW
21  18,4  24,4   17:02  13,2   05:30   1,8   1,8   0,0   0,8  23,4   12:06    SW
22  18,7  25,9   14:38   9,1   04:15   2,5   3,0   0,0   1,6  25,6   12:29    NO
23  22,2  29,1   17:33  13,3   05:36   0,8   4,6   0,0   1,6  29,5   12:54   OSO
24  23,9  31,2   16:47  14,7   05:47   0,6   6,1   0,0   1,3  23,4   13:27    SO
25  25,3  33,6   16:10  15,1   05:53   0,4   7,4   0,0   1,7  24,5   10:59   SSO
26  28,1  36,7   16:19  19,0   05:11   0,0   9,6   0,0   0,5  17,3   13:14     N
27  23,0  29,0   16:02  17,7   23:51   0,0   4,7   0,0   1,5  30,6   10:55   ONO
28  19,7  27,7   17:17  13,0   05:05   1,5   2,9   0,0   1,1  22,0   14:18    NO
29  21,8  32,2   18:02  10,1   05:27   1,9   5,4   0,0   0,9  18,4   18:58   SSO
30  25,9  37,4   16:14  12,3   05:26   1,1   8,7   0,0   1,2  29,5   14:23    SW
----------------------------------------------------------------------------------
    20,0  37,4    30     7,0     9    50,5 102,2  38,7   1,2  47,9     8       S

Max >=  27,0 15
Max <=   0,0  0
Min <=   0,0  0
Min <= -18,0  0
Max Rain: 15,9 on day 3
Days of Rain: 7 (>= 0,2 mm)  4 (>= 2,0 mm)  0 (>= 20,0 mm)
Heat Base: 18,3  Cool Base: 18,3  Method: Integration


Seiten Update 14.08.2020 00:00:16
Erstellt von Cumulus v3.7.0 (3089)
Layout: Frank Grebe 2019-10-15